 the prime factors of s?
137
Let q be (-3)/(-1 - (0 + -2)). Let k be (q/2)/(6/128). What are the prime factors of ((-6)/4)/(6/k)?
2
Let l = -9 - -14. Let f be (-2)/5 + 12/l. Suppose 2*x + f*x = 40. What are the prime factors of x?
2, 5
Let m(s) = -s**3 - 6*s**2 + 6*s - 1. Suppose 5*n + 3*o - 33 = 0, 7 = 2*n - 6*o + o. Suppose -8*q + n*q = 14. What are the prime factors of m(q)?
2, 3
Suppose -3*j = -j + 2, 87 = 5*a - 2*j. List the prime factors of a.
17
Let z(x) = 2*x**2 - 4*x - 15. List the prime factors of z(-5).
5, 11
Suppose -3*y = -w + 13 - 3, -3*w = -3*y - 12. Let l = y - 0. List the prime factors of 4/(-2 - (l + -1)).
2
Suppose 175 = 4*w - z, 2*w + 77 = 4*w + 3*z. List the prime factors of w.
43
Suppose -4*t + 9*t = -40. Let c(m) = 6*m - 11*m**2 + 8*m**2 + 4*m**2 - 2. What are the prime factors of c(t)?
2, 7
Suppose 308 = 3*f + 4*f. List the prime factors of f.
2, 11
What are the prime factors of 4/6 + -1 + 506/33?
3, 5
Suppose 5*q - 101 = 2*w - 3*w, 4*q = w - 101. Let t = -69 + w. List the prime factors of t.
2
Let x be 1 - -1 - (4 - -3). Let f(y) = -y. Let m be f(x). Let n = m - 2. What are the prime factors of n?
3
Let y be 32/(-20)*5/(-2). Suppose 4*u - y*n - n = 168, 3*u - 4*n = 125. What are the prime factors of u?
47
Let v be (-2)/(-3)*3/2. Let q be (1*12 - v)*-1. Let x = -8 - q. What are the prime factors of x?
3
Suppose -19*v + 20*v - 131 = 0. What are the prime factors of v?
131
Suppose 28 = 4*w - 2*w - 4*m, 4*w - 71 = 5*m. What are the prime factors of w?
2, 3
Let r = -62 + 115. What are the prime factors of r?
53
Suppose 2*z - 6*z = 0. Suppose 0*d + 3*d = z. Suppose f - 3*q - 12 = d, 2*f + 4*q - 60 = -3*f. List the prime factors of f.
2, 3
Suppose -2*j = 5*l + 16, 3*j + j + 22 = -5*l. Let h = j + 12. Suppose 2*g + r = g + h, 10 = -5*r. List the prime factors of g.
11
List the prime factors of (4/6)/(13/741).
2, 19
Let a = -9 + 45. List the prime factors of a.
2, 3
Suppose -16*m + 15*m = -26. List the prime factors of (m/12)/(7/42).
13
Let n(r) = 29*r - 4. What are the prime factors of n(5)?
3, 47
Suppose -2*j = -15 + 1. Suppose -5*o + 22 = -4*x, 5*x + j = -0*o - 4*o. Let u(z) = z**2 - z. List the prime factors of u(o).
2
Let j be -2*1/(-2)*51. Suppose 0 = 2*v - j + 15. List the prime factors of v.
2, 3
Suppose -z = 3*z - 144. List the prime factors of z.
2, 3
List the prime factors of (46/12 - 3)*6.
5
Suppose -4*o = -h - 2*h - 12, 0 = -3*h + 2*o - 12. What are the prime factors of -3 - -1 - h - -6?
2
Let s be (-102)/8 + (-6)/(-8). What are the prime factors of -2 + 0 + 1 - s?
11
Let d be 0*(-1)/(-2)*-2. Let i be (-33)/((-9)/6 - d). Let m = 32 - i. List the prime factors of m.
2, 5
Let g(p) = -38*p - 6. Let n be g(-4). Suppose -5*q = -n - 34. Suppose -3*x + q = x. What are the prime factors of x?
3
Let d = 105 + -72. What are the prime factors of d?
3, 11
What are the prime factors of 2/(-8) - (-4)/((-64)/(-324))?
2, 5
Suppose t - 3 = -2*m, 3*m + 1 = -t - 0*t. What are the prime factors of t?
11
Let q = -2 - -7. Suppose -q*n + n = -144. List the prime factors of n.
2, 3
Let s be ((-2)/(-4))/(4/(-24)). List the prime factors of ((-19)/3 + 2)*s.
13
Let t be 0*(0/2 + -1). Suppose 54 = 3*u - t*u. Suppose f - 3*f = -u. What are the prime factors of f?
3
Let f(b) = b**3 + 7*b**2 - 10*b - 9. Let u be f(-8). Suppose 5*x = 5*w - 110, 3*w - 5*x = u*w - 79. What are the prime factors of w?
3, 7
Suppose -3*s + 2*o = -767, 4*o = 2*o - 2. List the prime factors of s.
3, 5, 17
Let o(b) = b**2 + 12*b + 10. List the prime factors of o(-13).
23
Let q = 11 + -6. Suppose 2*f - 3 = 3*t + 1, -5*t = -q*f + 10. Let n = f + 0. What are the prime factors of n?
2
Let a be ((-24)/(-20))/(4/50). Suppose 0 = m - 14 - a. What are the prime factors of m?
29
Suppose -f + 1 = -3*d, 2*f = d - 3*d + 26. List the prime factors of f.
2, 5
Let f be 136/24 - (-2)/6. What are the prime factors of (0 - -3)/1 + f?
3
Let i(o) be the third derivative of -o**4/6 - 3*o**3/2 - o**2. Suppose -7*l + 10*l + 18 = 0. What are the prime factors of i(l)?
3, 5
What are the prime factors of (10/30)/((-1)/(-1047))?
349
Let g(b) = 2*b**2 - 5*b + 3. Suppose 5*l + 0*l - 15 = 0. Let x be g(l). Suppose 1 = 3*p - 5*t - x, 3*p + 4*t - 16 = 0. What are the prime factors of p?
2
Let x = -20 + 42. What are the prime factors of x?
2, 11
Suppose -4*o - b + 58 = 17, -21 = -4*o + 3*b. What are the prime factors of (-1 - 2)*(-6)/o?
2
Let n(z) = 2*z + 3. List the prime factors of n(6).
3, 5
Suppose 0 = -g - 0*g + 15. Suppose -a - g = -6*a. List the prime factors of a.
3
Let v(c) = 3*c**2 + c + 1. Suppose -3*k - 3 = -0*k. List the prime factors of v(k).
3
Let o be 8 + (-2)/2 + -1. Suppose 0 = o*i - 7*i + 26. What are the prime factors of i?
2, 13
Suppose 5*m - 1660 = -0*m. What are the prime factors of m?
2, 83
Let u be (19/(-38))/((-1)/(-14)). List the prime factors of 200/(-14)*u/2.
2, 5
Suppose -x + 2*z = -12, -x + 2 + 16 = -4*z. List the prime factors of (12/5)/(x/15).
2, 3
Let l = -63 - -112. Suppose l = 3*b + 10. What are the prime factors of b?
13
Suppose -5*c + 283 = 83. What are the prime factors of c?
2, 5
Let n be (-3 + 1)*5/(-2). Let d(g) = -g**3 - 3*g**2 - 3*g. Let u be d(-2). Suppose 3*h = 5*i - 30, n*i - 6 = -u*h - 1. What are the prime factors of i?
3
Suppose b - n - 5 = 4*n, -3*b = 4*n + 4. Suppose b*d - 3*d - l + 107 = 0, -4*l - 14 = -d. List the prime factors of d.
2, 17
Suppose 2*o + 2*s = -40, -o - 4*o - 106 = 2*s. List the prime factors of 1*(-3)/6*o.
11
Suppose s + m - 1 = 7, 2*m = -s + 12. Let h = s + 16. What are the prime factors of h?
2, 5
Let t(b) = -3*b - 2. Let x be t(-6). Suppose 0 = 6*k - 5*k - x. What are the prime factors of k?
2
Let f be 47*(-1 - 2*-1). Suppose -r + f - 11 = 0. Suppose 0 = -5*n + 5*o + r + 34, 5*n = -o + 52. List the prime factors of n.
11
Let u(s) = s**2 + s + 5. Let l be u(-6). Let d = 53 - l. List the prime factors of d.
2, 3
Let a = -10 + 33. List the prime factors of a.
23
Suppose 0 = -5*d - 0 + 10. Let g(o) = o. Let p be g(d). List the prime factors of 16 - (-2 + p - -3).
13
Suppose d = -4*l + 51, 11 + 16 = 2*l - d. Suppose l = -b - 8. Let r = -12 - b. What are the prime factors of r?
3
Suppose 4*v - 246 = -78. What are the prime factors of v?
2, 3, 7
Let a(s) = s - 5. List the prime factors of a(14).
3
Let s = 126 - 75. Suppose -49 = -4*v + s. What are the prime factors of v?
5
List the prime factors of 13 + 0/(-2 - -3).
13
List the prime factors of (2248/(-12))/(8/(-12)).
281
Let a = 3 + -5. Let c be (2/(4/(-6)))/(-1). Let q = c - a. What are the prime factors of q?
5
Let s be 4/2 - (-2 - -2). Let r(c) = -c**3 + s*c**3 - 2 - 2*c**3 - 3*c + 6*c**2. What are the prime factors of r(3)?
2
Suppose 2*d = -8, 5*t - 3*t + 4*d = 2. Let q = 0 - -4. List the prime factors of 128/t - q/18.
2, 7
Suppose d - 2*s = -2 - 4, d + 2*s + 2 = 0. Let x(m) = -m**2 + 2*m + 1. Let u be x(3). Let o = u - d. List the prime factors of o.
2
Suppose 6*a - a = 15. Let l(u) = u**2 - 4*u + 2. Let m be l(a). Let j = 2 - m. What are the prime factors of j?
3
Suppose -3*m + 2*o + 22 = 5, -24 = -m - 3*o. Let s(t) = -t**3 + 9*t**2 + 2*t - 13. Let u be s(m). What are the prime factors of (-1)/1 + (u - -1)?
5
Suppose 4*a + a - 80 = 0. What are the prime factors of a?
2
Let a(z) = z**3 - 16*z**2 + 2*z - 16. What are the prime factors of a(16)?
2
Let h be 2/(-8) + (-25)/(-20). Suppose -3*l = -58 + h. List the prime factors of l.
19
Let q(c) = -c**3 + 4*c**2 + 5. Let i be q(4). Suppose i*w = 4*y + 76, -w + 2*w - 21 = -5*y. What are the prime factors of w?
2
Let o = 245 - 110. List the prime factors of o.
3, 5
Let j = 2 + -1. Suppose 0 = a + 3*z + 8, -1 = -2*a - z - 2. Let t = j + a. List the prime factors of t.
2
Let z(r) = 7*r**2 - r - 1. What are the prime factors of z(-2)?
29
Let w = 24 + 103. Suppose -2*b - 51 = -w. Let t = b - 22. List the prime factors of t.
2
Let g = -25 - -59. What are the prime factors of g?
2, 17
List the prime factors of (54/15 - 2)/(1/65).
2, 13
Suppose 4*v = 3*t - 7*t - 20, 3*t = 5*v - 23. Let i(s) = -s**3 - 4*s**2 + 6*s - 7. What are the prime factors of i(t)?
29
Suppose -4*u + 8 = -20. Let d(k) = k**2 - 6*k. Let t be d(u). Suppose j - 16 = -t. What are the prime factors of j?
3
Let g be 4/3*12/(-4). What are the prime factors of (28 + g)*(-2)/(-4)